{"id":210205,"date":"2021-09-06T06:26:37","date_gmt":"2021-09-06T13:26:37","guid":{"rendered":"https:\/\/coparmex.com\/staging\/?page_id=210205"},"modified":"2022-02-14T13:04:25","modified_gmt":"2022-02-14T21:04:25","slug":"consejo-directivo","status":"publish","type":"page","link":"https:\/\/coparmex.com\/staging\/consejo-directivo\/","title":{"rendered":"Consejo Directivo"},"content":{"rendered":"<p>[et_pb_section fb_built=&#8221;1&#8243; _builder_version=&#8221;4.9.6&#8243; _module_preset=&#8221;default&#8221; global_colors_info=&#8221;{}&#8221;][et_pb_row _builder_version=&#8221;4.9.5&#8243; _module_preset=&#8221;default&#8221; locked=&#8221;off&#8221; global_colors_info=&#8221;{}&#8221;][et_pb_column type=&#8221;4_4&#8243; _builder_version=&#8221;4.9.5&#8243; _module_preset=&#8221;default&#8221; global_colors_info=&#8221;{}&#8221;][et_pb_text admin_label=&#8221;COPARMEX&#8221; _builder_version=&#8221;4.10.7&#8243; _module_preset=&#8221;default&#8221; header_2_font=&#8221;|700||on|||||&#8221; header_2_text_align=&#8221;center&#8221; header_2_text_color=&#8221;#0d1660&#8243; header_2_font_size=&#8221;65px&#8221; scroll_scaling=&#8221;0|35|35|100|150%|100|100&#8243; header_2_font_size_tablet=&#8221;55px&#8221; header_2_font_size_phone=&#8221;45px&#8221; header_2_font_size_last_edited=&#8221;on|phone&#8221; locked=&#8221;off&#8221; global_colors_info=&#8221;{}&#8221;]<\/p>\n<h2>MESA DIRECTIVA<\/h2>\n<p>[\/et_pb_text][et_pb_text admin_label=&#8221;Servicios Efecto&#8221; _builder_version=&#8221;4.10.7&#8243; _module_preset=&#8221;default&#8221; header_2_font=&#8221;|700||on|||||&#8221; header_2_text_align=&#8221;center&#8221; header_2_text_color=&#8221;RGBA(0,0,0,0)&#8221; header_2_font_size=&#8221;65px&#8221; positioning=&#8221;absolute&#8221; width=&#8221;100%&#8221; scroll_fade_enable=&#8221;on&#8221; scroll_fade=&#8221;0|30|30|60|10%|100%|10%&#8221; scroll_scaling_enable=&#8221;on&#8221; scroll_scaling=&#8221;0|50|50|100|250%|170%|170%&#8221; header_2_font_size_tablet=&#8221;&#8221; header_2_font_size_phone=&#8221;35px&#8221; header_2_font_size_last_edited=&#8221;on|phone&#8221; custom_css_main_element=&#8221;-webkit-text-stroke: 2px rgba(13,22,96,0.2);&#8221; global_colors_info=&#8221;{}&#8221;]<\/p>\n<h2>MESA DIRECTIVA<\/h2>\n<p>[\/et_pb_text][et_pb_divider color=&#8221;gcid-5e66998d-c38e-4b4f-8a08-fe116e991401&#8243; divider_weight=&#8221;3px&#8221; _builder_version=&#8221;4.10.6&#8243; _module_preset=&#8221;default&#8221; max_width=&#8221;200px&#8221; module_alignment=&#8221;center&#8221; global_colors_info=&#8221;{%22gcid-5e66998d-c38e-4b4f-8a08-fe116e991401%22:%91%22color%22%93}&#8221;][\/et_pb_divider][\/et_pb_column][\/et_pb_row][et_pb_row column_structure=&#8221;3_5,2_5&#8243; _builder_version=&#8221;4.10.6&#8243; _module_preset=&#8221;default&#8221; max_width=&#8221;1600px&#8221; global_colors_info=&#8221;{}&#8221;][et_pb_column type=&#8221;3_5&#8243; _builder_version=&#8221;4.9.6&#8243; _module_preset=&#8221;default&#8221; global_colors_info=&#8221;{}&#8221;][et_pb_image src=&#8221;https:\/\/coparmex.com\/staging\/wp-content\/uploads\/2021\/09\/consejo-directivo-coparmex.jpg&#8221; alt=&#8221;consejo directivo coparmex&#8221; title_text=&#8221;consejo directivo coparmex&#8221; show_in_lightbox=&#8221;on&#8221; _builder_version=&#8221;4.10.7&#8243; _module_preset=&#8221;default&#8221; border_radii=&#8221;off|100px||100px|&#8221; box_shadow_style=&#8221;preset4&#8243; box_shadow_color=&#8221;gcid-5e66998d-c38e-4b4f-8a08-fe116e991401&#8243; global_colors_info=&#8221;{%22gcid-5e66998d-c38e-4b4f-8a08-fe116e991401%22:%91%22box_shadow_color%22%93}&#8221;][\/et_pb_image][\/et_pb_column][et_pb_column type=&#8221;2_5&#8243; _builder_version=&#8221;4.9.6&#8243; _module_preset=&#8221;default&#8221; global_colors_info=&#8221;{}&#8221;][et_pb_text ul_position=&#8221;inside&#8221; _builder_version=&#8221;4.10.6&#8243; _module_preset=&#8221;default&#8221; text_font_size=&#8221;16px&#8221; text_line_height=&#8221;1.8em&#8221; ul_font_size=&#8221;16px&#8221; header_font=&#8221;|||on|||||&#8221; header_2_font=&#8221;|600||on|||||&#8221; header_2_font_size=&#8221;30px&#8221; header_3_font=&#8221;|600||on|||||&#8221; header_2_font_size_tablet=&#8221;28px&#8221; header_2_font_size_phone=&#8221;24px&#8221; header_2_font_size_last_edited=&#8221;on|phone&#8221; text_orientation_tablet=&#8221;&#8221; text_orientation_phone=&#8221;justified&#8221; text_orientation_last_edited=&#8221;on|phone&#8221; global_colors_info=&#8221;{}&#8221;]<\/p>\n<h2 class=\"text-uppercase text-brand-primary-dark\">CONSEJO<\/h2>\n<p>El Consejo Directivo del Centro Empresarial de Mexicali se integra por 24 consejeros propietarios y 8 suplentes. Cada a\u00f1o la mitad, 12 integrantes del Consejo, deben de ser electos por periodos de dos a\u00f1os. El estatuto 38 indica que a m\u00e1s tardar en el mes de septiembre de cada a\u00f1o se debe conformar la Comisi\u00f3n Electoral con 2 ex presidentes y 3 consejeros, para elegir a la mitad del consejo y a 4 suplentes.<\/p>\n<p>Los Consejeros aceptan las responsabilidades del cargo honorario para el que son propuestos y son los socios del sindicato patronal quienes eligen a su consideraci\u00f3n los 12 nombres de los que aparecen en la boleta electoral integrada por 24 candidatos. Cada consejero se elige por dos a\u00f1os y tiene derecho a ser reelecto, en caso de aparecer como candidato nuevamente en la boleta del periodo siguiente a la culminaci\u00f3n de su periodo.<\/p>\n<p>Es en el seno del Consejo que se elige a un Presidente, Vicepresidente, Secretario y Tesorero.<\/p>\n<p>[\/et_pb_text][\/et_pb_column][\/et_pb_row][\/et_pb_section][et_pb_section fb_built=&#8221;1&#8243; admin_label=&#8221;Secci\u00f3n&#8221; _builder_version=&#8221;4.9.6&#8243; _module_preset=&#8221;default&#8221; background_color=&#8221;gcid-9575ce5b-cbaf-4769-9003-f34ebb1d598d&#8221; background_image=&#8221;https:\/\/coparmex.com\/staging\/wp-content\/uploads\/2021\/06\/Banner-superior-interiores-muy-alto.jpg&#8221; parallax=&#8221;on&#8221; global_colors_info=&#8221;{%22gcid-9575ce5b-cbaf-4769-9003-f34ebb1d598d%22:%91%22background_color%22%93}&#8221;][et_pb_row column_structure=&#8221;1_4,1_4,1_4,1_4&#8243; use_custom_gutter=&#8221;on&#8221; gutter_width=&#8221;2&#8243; make_equal=&#8221;on&#8221; _builder_version=&#8221;4.14.7&#8243; _module_preset=&#8221;default&#8221; background_enable_color=&#8221;off&#8221; max_width=&#8221;1200px&#8221; custom_padding=&#8221;|30px||30px|false|true&#8221; hover_enabled=&#8221;0&#8243; border_radii=&#8221;on|50px|50px|50px|50px&#8221; global_colors_info=&#8221;{}&#8221; width=&#8221;95%&#8221; sticky_enabled=&#8221;0&#8243;][et_pb_column type=&#8221;1_4&#8243; _builder_version=&#8221;4.9.6&#8243; _module_preset=&#8221;default&#8221; global_colors_info=&#8221;{}&#8221;][et_pb_text ul_position=&#8221;inside&#8221; _builder_version=&#8221;4.14.7&#8243; _module_preset=&#8221;default&#8221; text_text_color=&#8221;#FFFFFF&#8221; text_font_size=&#8221;16px&#8221; text_line_height=&#8221;1.8em&#8221; ul_font_size=&#8221;16px&#8221; header_3_font=&#8221;|||on|||||&#8221; header_3_text_color=&#8221;#FFFFFF&#8221; header_3_font_size=&#8221;30px&#8221; text_orientation=&#8221;justified&#8221; global_colors_info=&#8221;{}&#8221;]<\/p>\n<h3>PRESIDENTE<\/h3>\n<p>C.P. Octavio Sandoval L\u00f3pez[\/et_pb_text][\/et_pb_column][et_pb_column type=&#8221;1_4&#8243; _builder_version=&#8221;4.9.6&#8243; _module_preset=&#8221;default&#8221; global_colors_info=&#8221;{}&#8221;][et_pb_text ul_position=&#8221;inside&#8221; _builder_version=&#8221;4.14.7&#8243; _module_preset=&#8221;default&#8221; text_text_color=&#8221;#FFFFFF&#8221; text_font_size=&#8221;16px&#8221; text_line_height=&#8221;1.8em&#8221; ul_font_size=&#8221;16px&#8221; header_3_font=&#8221;|||on|||||&#8221; header_3_text_color=&#8221;#FFFFFF&#8221; header_3_font_size=&#8221;30px&#8221; hover_enabled=&#8221;0&#8243; global_colors_info=&#8221;{}&#8221; sticky_enabled=&#8221;0&#8243;]<\/p>\n<h3>VICEPRESIDENTE<\/h3>\n<p>MVZ. Jos\u00e9 Manuel Salcedo Sa\u00f1udo<\/p>\n<p>[\/et_pb_text][\/et_pb_column][et_pb_column type=&#8221;1_4&#8243; _builder_version=&#8221;4.9.6&#8243; _module_preset=&#8221;default&#8221; global_colors_info=&#8221;{}&#8221;][et_pb_text ul_position=&#8221;inside&#8221; _builder_version=&#8221;4.14.7&#8243; _module_preset=&#8221;default&#8221; text_text_color=&#8221;#FFFFFF&#8221; text_font_size=&#8221;16px&#8221; text_line_height=&#8221;1.8em&#8221; ul_font_size=&#8221;16px&#8221; header_3_font=&#8221;|||on|||||&#8221; header_3_text_color=&#8221;#FFFFFF&#8221; header_3_font_size=&#8221;30px&#8221; hover_enabled=&#8221;0&#8243; global_colors_info=&#8221;{}&#8221; sticky_enabled=&#8221;0&#8243;]<\/p>\n<h3>SECRETARIO<\/h3>\n<p>Mtro. Andr\u00e9s Daniel Ruelas Y\u00e1\u00f1ez<\/p>\n<p>[\/et_pb_text][\/et_pb_column][et_pb_column type=&#8221;1_4&#8243; _builder_version=&#8221;4.9.6&#8243; _module_preset=&#8221;default&#8221; global_colors_info=&#8221;{}&#8221;][et_pb_text ul_position=&#8221;inside&#8221; _builder_version=&#8221;4.14.7&#8243; _module_preset=&#8221;default&#8221; text_text_color=&#8221;#FFFFFF&#8221; text_font_size=&#8221;16px&#8221; text_line_height=&#8221;1.8em&#8221; ul_font_size=&#8221;16px&#8221; header_3_font=&#8221;|||on|||||&#8221; header_3_text_color=&#8221;#FFFFFF&#8221; header_3_font_size=&#8221;30px&#8221; hover_enabled=&#8221;0&#8243; global_colors_info=&#8221;{}&#8221; sticky_enabled=&#8221;0&#8243;]<\/p>\n<h3>TESORERA<\/h3>\n<p>Lic. Bertha Araceli Morales Mercado<\/p>\n<p>[\/et_pb_text][\/et_pb_column][\/et_pb_row][\/et_pb_section][et_pb_section fb_built=&#8221;1&#8243; admin_label=&#8221;Secci\u00f3n&#8221; _builder_version=&#8221;4.10.6&#8243; _module_preset=&#8221;default&#8221; global_colors_info=&#8221;{}&#8221;][et_pb_row _builder_version=&#8221;4.10.7&#8243; _module_preset=&#8221;default&#8221; width_tablet=&#8221;&#8221; width_phone=&#8221;100%&#8221; width_last_edited=&#8221;on|phone&#8221; locked=&#8221;off&#8221; global_colors_info=&#8221;{}&#8221;][et_pb_column type=&#8221;4_4&#8243; admin_label=&#8221;Columna&#8221; _builder_version=&#8221;4.9.5&#8243; _module_preset=&#8221;default&#8221; global_colors_info=&#8221;{}&#8221;][et_pb_text admin_label=&#8221;COPARMEX&#8221; _builder_version=&#8221;4.10.7&#8243; _module_preset=&#8221;default&#8221; header_2_font=&#8221;|700||on|||||&#8221; header_2_text_align=&#8221;center&#8221; header_2_text_color=&#8221;#0d1660&#8243; header_2_font_size=&#8221;65px&#8221; scroll_scaling=&#8221;0|35|35|100|150%|100|100&#8243; header_2_font_size_tablet=&#8221;55px&#8221; header_2_font_size_phone=&#8221;45px&#8221; header_2_font_size_last_edited=&#8221;on|phone&#8221; locked=&#8221;off&#8221; global_colors_info=&#8221;{}&#8221;]<\/p>\n<h2>CONSEJEROS <\/h2>\n<p>[\/et_pb_text][et_pb_text admin_label=&#8221;Servicios Efecto&#8221; _builder_version=&#8221;4.10.7&#8243; _module_preset=&#8221;default&#8221; header_2_font=&#8221;|700||on|||||&#8221; header_2_text_align=&#8221;center&#8221; header_2_text_color=&#8221;RGBA(0,0,0,0)&#8221; header_2_font_size=&#8221;65px&#8221; positioning=&#8221;absolute&#8221; width=&#8221;100%&#8221; scroll_fade_enable=&#8221;on&#8221; scroll_fade=&#8221;0|30|30|60|10%|100%|10%&#8221; scroll_scaling_enable=&#8221;on&#8221; scroll_scaling=&#8221;0|50|50|100|250%|170%|170%&#8221; header_2_font_size_tablet=&#8221;&#8221; header_2_font_size_phone=&#8221;35px&#8221; header_2_font_size_last_edited=&#8221;on|phone&#8221; custom_css_main_element=&#8221;-webkit-text-stroke: 2px rgba(13,22,96,0.2);&#8221; global_colors_info=&#8221;{}&#8221;]<\/p>\n<h2>CONSEJEROS <\/h2>\n<p>[\/et_pb_text][et_pb_divider color=&#8221;gcid-5e66998d-c38e-4b4f-8a08-fe116e991401&#8243; divider_weight=&#8221;3px&#8221; _builder_version=&#8221;4.10.6&#8243; _module_preset=&#8221;default&#8221; max_width=&#8221;200px&#8221; module_alignment=&#8221;center&#8221; global_colors_info=&#8221;{%22gcid-5e66998d-c38e-4b4f-8a08-fe116e991401%22:%91%22color%22%93}&#8221;][\/et_pb_divider][\/et_pb_column][\/et_pb_row][et_pb_row column_structure=&#8221;3_5,2_5&#8243; use_custom_gutter=&#8221;on&#8221; make_equal=&#8221;on&#8221; _builder_version=&#8221;4.10.6&#8243; _module_preset=&#8221;default&#8221; border_color_top=&#8221;gcid-9575ce5b-cbaf-4769-9003-f34ebb1d598d&#8221; global_colors_info=&#8221;{%22gcid-9575ce5b-cbaf-4769-9003-f34ebb1d598d%22:%91%22border_color_top%22%93}&#8221;][et_pb_column type=&#8221;3_5&#8243; _builder_version=&#8221;4.9.7&#8243; _module_preset=&#8221;default&#8221; custom_css_main_element=&#8221;display: flex;||flex-direction: column;||justify-content: center;&#8221; global_colors_info=&#8221;{}&#8221;][et_pb_text ul_position=&#8221;inside&#8221; _builder_version=&#8221;4.14.7&#8243; _module_preset=&#8221;default&#8221; text_font_size=&#8221;16px&#8221; text_line_height=&#8221;1.8em&#8221; ul_font_size=&#8221;16px&#8221; header_font=&#8221;|||on|||||&#8221; header_2_font=&#8221;|600||on|||||&#8221; header_2_font_size=&#8221;30px&#8221; header_3_font=&#8221;|600||on|||||&#8221; hover_enabled=&#8221;0&#8243; header_2_font_size_tablet=&#8221;28px&#8221; header_2_font_size_phone=&#8221;24px&#8221; header_2_font_size_last_edited=&#8221;on|phone&#8221; text_orientation_tablet=&#8221;&#8221; text_orientation_phone=&#8221;justified&#8221; text_orientation_last_edited=&#8221;on|phone&#8221; locked=&#8221;off&#8221; global_colors_info=&#8221;{}&#8221; sticky_enabled=&#8221;0&#8243;]<\/p>\n<h3>CONSEJEROS PROPIETARIOS<\/h3>\n<p>&nbsp;<\/p>\n<ul>\n<li>C.P. Alejandro Novoa C\u00e1rdenas<\/li>\n<li>Mtro. Andr\u00e9s Daniel Ruelas Y\u00e1\u00f1ez<\/li>\n<li>Lic. Bertha Araceli |Morales Mercado<\/li>\n<li>Lic. Carlos Enr\u00edquez de Rivera<\/li>\n<li>Lic.Eduardo Loyola Tames<\/li>\n<li>Lic. Efr\u00e9n Cadena Pimienta<\/li>\n<li>Lic. Ernesto Mosso Soto<\/li>\n<li>Lic. Francisco Jos\u00e9 Fiorentini Ca\u00f1edo<\/li>\n<li>Lic. Gabriel Tob\u00edas Duarte Corral<\/li>\n<li>Ing. H\u00e9ctor Armando Ibarra Caldera<\/li>\n<li>Mvz. Jos\u00e9 Manuel Salcedo Sa\u00f1udo<\/li>\n<li>Ing. Juan Figueroa Le\u00f3n<\/li>\n<li>C.P. Luis Miguel Cano Falomir<\/li>\n<li>Lic. Martha Luisa V\u00e9lez Salom\u00f3n<\/li>\n<li>C.P. Miguel \u00c1ngel L\u00f3pez Robles<\/li>\n<li>Lic. Natalia Margarita Figueroa Gonz\u00e1lez<\/li>\n<li>C.P. Octavio Sandoval L\u00f3pez<\/li>\n<li>C.P. Ra\u00fal Villarreal \u00c1lvarez<\/li>\n<li>Ing. Ricardo Salcido V\u00e1squez<\/li>\n<li>C. Rodrigo Llantada \u00c1vila<\/li>\n<li>Ing. Rosa Icela Ibarra Caldera<\/li>\n<li>Lic. Rosa Le\u00f3n Castro<\/li>\n<li>Lic. Rub\u00e9n Rivera Villegas<\/li>\n<li>C.P. Silvia L\u00f3pez Alarc\u00f3n<\/li>\n<\/ul>\n<p>[\/et_pb_text][et_pb_text disabled_on=&#8221;on|on|off&#8221; admin_label=&#8221;Propietarios&#8221; _builder_version=&#8221;4.10.6&#8243; _module_preset=&#8221;default&#8221; text_font=&#8221;|700||on|||||&#8221; text_text_color=&#8221;rgba(13,22,96,0.1)&#8221; text_font_size=&#8221;80px&#8221; transform_rotate=&#8221;0deg|0deg|90deg&#8221; positioning=&#8221;absolute&#8221; position_origin_a=&#8221;center_right&#8221; horizontal_offset=&#8221;-115px&#8221; text_orientation=&#8221;center&#8221; global_colors_info=&#8221;{}&#8221;]<\/p>\n<p>Propietarios<\/p>\n<p>[\/et_pb_text][\/et_pb_column][et_pb_column type=&#8221;2_5&#8243; _builder_version=&#8221;4.9.6&#8243; _module_preset=&#8221;default&#8221; global_colors_info=&#8221;{}&#8221;][et_pb_text ul_position=&#8221;inside&#8221; _builder_version=&#8221;4.14.7&#8243; _module_preset=&#8221;default&#8221; text_font_size=&#8221;16px&#8221; text_line_height=&#8221;1.8em&#8221; ul_font_size=&#8221;16px&#8221; header_font=&#8221;|||on|||||&#8221; header_2_font=&#8221;|600||on|||||&#8221; header_2_font_size=&#8221;30px&#8221; header_3_font=&#8221;|600||on|||||&#8221; hover_enabled=&#8221;0&#8243; header_2_font_size_tablet=&#8221;28px&#8221; header_2_font_size_phone=&#8221;24px&#8221; header_2_font_size_last_edited=&#8221;on|phone&#8221; text_orientation_tablet=&#8221;&#8221; text_orientation_phone=&#8221;justified&#8221; text_orientation_last_edited=&#8221;on|phone&#8221; locked=&#8221;off&#8221; global_colors_info=&#8221;{}&#8221; sticky_enabled=&#8221;0&#8243;]<\/p>\n<h3>CONSEJEROS SUPLENTES<\/h3>\n<p>&nbsp;<\/p>\n<ul>\n<li>Lic. Arturo Enr\u00edquez de Rivera<\/li>\n<li>Lic. Ernesto Garc\u00eda Manjarrez<\/li>\n<li>Psic. Everardo Basilio Medina<\/li>\n<li>C.P. Flor del Carmen S\u00e1nchez Silva<\/li>\n<li>Lic. Luis Alfonso Trevi\u00f1o Foglio<\/li>\n<li>Ing. Mitl Llamas Flores<\/li>\n<li>C.P. Ram\u00f3n Espinoza Jim\u00e9nez<\/li>\n<\/ul>\n<p>[\/et_pb_text][et_pb_text disabled_on=&#8221;on|on|off&#8221; admin_label=&#8221;Suplentes&#8221; _builder_version=&#8221;4.10.6&#8243; _module_preset=&#8221;default&#8221; text_font=&#8221;|700||on|||||&#8221; text_text_color=&#8221;rgba(13,22,96,0.1)&#8221; text_font_size=&#8221;80px&#8221; transform_rotate=&#8221;0deg|0deg|90deg&#8221; positioning=&#8221;absolute&#8221; position_origin_a=&#8221;center_right&#8221; horizontal_offset=&#8221;-125px&#8221; text_orientation=&#8221;center&#8221; global_colors_info=&#8221;{}&#8221;]<\/p>\n<p>Suplentes<\/p>\n<p>[\/et_pb_text][\/et_pb_column][\/et_pb_row][\/et_pb_section]<\/p>\n","protected":false},"excerpt":{"rendered":"<p>MESA DIRECTIVAMESA DIRECTIVACONSEJO El Consejo Directivo del Centro Empresarial de Mexicali se integra por 24 consejeros propietarios y 8 suplentes. Cada a\u00f1o la mitad, 12 integrantes del Consejo, deben de ser electos por periodos de dos a\u00f1os. El estatuto 38 indica que a m\u00e1s tardar en el mes de septiembre de cada a\u00f1o se debe [&hellip;]<\/p>\n","protected":false},"author":1,"featured_media":0,"parent":0,"menu_order":0,"comment_status":"closed","ping_status":"closed","template":"","meta":{"_seopress_robots_primary_cat":"","_et_pb_use_builder":"on","_et_pb_old_content":"","_et_gb_content_width":"","footnotes":""},"dipi_cpt_category":[],"class_list":["post-210205","page","type-page","status-publish","hentry"],"acf":[],"_links":{"self":[{"href":"https:\/\/coparmex.com\/staging\/wp-json\/wp\/v2\/pages\/210205","targetHints":{"allow":["GET"]}}],"collection":[{"href":"https:\/\/coparmex.com\/staging\/wp-json\/wp\/v2\/pages"}],"about":[{"href":"https:\/\/coparmex.com\/staging\/wp-json\/wp\/v2\/types\/page"}],"author":[{"embeddable":true,"href":"https:\/\/coparmex.com\/staging\/wp-json\/wp\/v2\/users\/1"}],"replies":[{"embeddable":true,"href":"https:\/\/coparmex.com\/staging\/wp-json\/wp\/v2\/comments?post=210205"}],"version-history":[{"count":0,"href":"https:\/\/coparmex.com\/staging\/wp-json\/wp\/v2\/pages\/210205\/revisions"}],"wp:attachment":[{"href":"https:\/\/coparmex.com\/staging\/wp-json\/wp\/v2\/media?parent=210205"}],"wp:term":[{"taxonomy":"dipi_cpt_category","embeddable":true,"href":"https:\/\/coparmex.com\/staging\/wp-json\/wp\/v2\/dipi_cpt_category?post=210205"}],"curies":[{"name":"wp","href":"https:\/\/api.w.org\/{rel}","templated":true}]}}